prime?
True
Is 288647 a prime number?
True
Is 9197 a composite number?
True
Is 421207 a composite number?
False
Is 170659 composite?
True
Is 1125478 a composite number?
True
Is 7921 prime?
False
Is 4621 a composite number?
False
Is 211777 prime?
True
Is 22915 composite?
True
Is 8923 composite?
False
Is 227107 a composite number?
True
Is 260342 composite?
True
Is 256049 prime?
True
Is 330107 a prime number?
False
Is 9349 composite?
False
Is 22433 a prime number?
True
Is 3109747 a prime number?
True
Is 39661 a composite number?
True
Is 743483 a composite number?
True
Is 101863 prime?
True
Is 132001 prime?
True
Is 160811 composite?
True
Is 9115 a prime number?
False
Is 487381 a prime number?
True
Is 43107 a composite number?
True
Is 8663 prime?
True
Is 24659 composite?
False
Is 42767 a prime number?
True
Is 3274 a prime number?
False
Is 1361 a prime number?
True
Is 34633 prime?
False
Is 167381 composite?
False
Is 93683 a composite number?
False
Is 9029 composite?
False
Is 83791 a prime number?
True
Is 209101 a prime number?
False
Is 3269 composite?
True
Is 44645 a composite number?
True
Is 1360581 composite?
True
Is 2941 composite?
True
Is 9811 a prime number?
True
Is 39499 composite?
False
Is 38993 a prime number?
True
Is 4511 a prime number?
False
Is 6913 a prime number?
False
Is 4147265 a prime number?
False
Is 582821 a prime number?
True
Is 3163 prime?
True
Is 7639 composite?
False
Is 1552289 prime?
True
Is 588271 composite?
True
Is 559397 a prime number?
True
Is 62539 prime?
True
Is 793151 composite?
True
Is 198509 composite?
True
Is 5207 prime?
False
Is 3761 prime?
True
Is 46463 a prime number?
False
Is 135699 a prime number?
False
Is 4861 prime?
True
Is 681701 composite?
True
Is 2893 prime?
False
Is 11539 a composite number?
True
Is 3533619 composite?
True
Is 7753 a composite number?
False
Is 12791 a prime number?
True
Is 212609 composite?
True
Is 31973 prime?
True
Is 2179 a prime number?
True
Is 391 composite?
True
Is 3595 a prime number?
False
Is 1733 a composite number?
False
Is 98837 a composite number?
False
Is 46047 composite?
True
Is 67339 a prime number?
True
Is 33961 composite?
False
Is 497831 a composite number?
False
Is 1711 prime?
False
Is 7949 a composite number?
False
Is 2062 a composite number?
True
Is 24953 prime?
True
Is 2767 composite?
False
Is 18437 prime?
False
Is 92311 a composite number?
False
Is 1979 a composite number?
False
Is 81038 a composite number?
True
Is 260137 prime?
True
Is 41095 a prime number?
False
Is 251 a prime number?
True
Is 820711 a composite number?
False
Is 1340947 a prime number?
True
Is 2101 a composite number?
True
Is 75731 composite?
False
Is 907689 composite?
True
Is 1387207 prime?
True
Is 834023 a prime number?
True
Is 117399 composite?
True
Is 14095 composite?
True
Is 447509 prime?
True
Is 236309 a composite number?
True
Is 461665 a prime number?
False
Is 1871131 a composite number?
True
Is 7403 prime?
False
Is 13291 prime?
True
Is 225077 a prime number?
True
Is 20201 a composite number?
False
Is 91043 prime?
False
Is 94079 a prime number?
True
Is 173177 composite?
False
Is 25523 a prime number?
True
Is 207889 a prime number?
False
Is 1399639 composite?
False
Is 30431 a prime number?
True
Is 21993 a composite number?
True
Is 54589 a prime number?
False
Is 75549 composite?
True
Is 21531 a prime number?
False
Is 48937 a composite number?
True
Is 1807 prime?
False
Is 189127 a prime number?
True
Is 14793 prime?
False
Is 251 a composite number?
False
Is 30161 composite?
False
Is 984553 prime?
False
Is 555547 prime?
False
Is 11854 prime?
False
Is 7057 a composite number?
False
Is 9487 a prime number?
False
Is 11561 a composite number?
True
Is 235273 a composite number?
False
Is 1655 prime?
False
Is 232769 a prime number?
False
Is 5826763 a prime number?
True
Is 102761 composite?
False
Is 9211 a composite number?
True
Is 3107141 a prime number?
False
Is 31007 composite?
True
Is 2395 prime?
False
Is 761171 prime?
False
Is 23395 a composite number?
True
Is 1601 prime?
True
Is 6521 composite?
False
Is 370159 a composite number?
False
Is 4553 composite?
True
Is 19231 composite?
False
Is 5713 a composite number?
True
Is 16921 composite?
False
Is 17495 a composite number?
True
Is 531281 a prime number?
True
Is 2203 prime?
True
Is 5099 composite?
False
Is 241897 composite?
True
Is 278801 a composite number?
False
Is 56707 composite?
True
Is 1166773 prime?
True
Is 128957 prime?
False
Is 181411 a composite number?
True
Is 19177 a prime number?
False
Is 293 prime?
True
Is 943669 a composite number?
True
Is 181711 composite?
False
Is 119543 a composite number?
True
Is 9079 composite?
True
Is 127927 a composite number?
True
Is 5560855 a prime number?
False
Is 114883 a composite number?
False
Is 108473 a prime number?
False
Is 238019 a prime number?
True
Is 19121 prime?
True
Is 5581 a prime number?
True
Is 60007 a prime number?
False
Is 2059 a prime number?
False
Is 6073 a prime number?
True
Is 3989 composite?
False
Is 15013 prime?
True
Is 498461 a prime number?
True
Is 1942943 prime?
True
Is 3293 composite?
True
Is 143435 a composite number?
True
Is 701 a composite number?
False
Is 363397 prime?
True
Is 16879 a prime number?
True
Is 664435 prime?
False
Is 695 composite?
True
Is 3193 a prime number?
False
Is 41273 prime?
False
Is 465653 a composite number?
True
Is 11677 a prime number?
True
Is 132293 prime?
False
Is 958 a composite number?
True
Is 1097 composite?
False
Is 2885 a composite number?
True
Is 3083 composite?
False
Is 16565 prime?
False
Is 911 a prime number?
True
Is 19373 composite?
False
Is 6131 prime?
True
Is 61331 composite?
False
Is 254 a prime number?
False
Is 1261987 composite?
True
Is 426383 prime?
True
Is 4139 composite?
False
Is 996235 a prime number?
False
Is 33827 prime?
True
Is 611479 composite?
True
Is 108111 prime?
False
Is 213823 a composite number?
True
Is 17221 a composite number?
True
Is 61837 prime?
True
Is 321551 composite?
True
Is 7094 a prime number?
False
Is 4861 a composite number?
False
Is 147949 composite?
False
Is 296843 prime?
True
Is 2333 prime?
True
Is 42881 composite?
True
Is 742591 prime?
True
Is 9413 a prime number?
True
Is 317 prime?
True
Is 57917 a composite number?
False
Is 1637 prime?
True
Is 8311 a composite number?
False
Is 194027 a composite number?
False
Is 4283 prime?
True
Is 16019 prime?
False
Is 635801 prime?
True
Is 137567 a composite number?
False
Is 41991 a prime number?
False
Is 71159 a composite number?
True
Is 847151 a prime number?
True
Is 3937 prime?
False
Is 18509 composite?
True
Is 69295 a composite number?
True
Is 393779 composite?
False
Is 22241 composite?
True
Is 200829 a composite number?
True
Is 44537 a composite number?
False
Is 4703 a prime number?
True
Is 197255 a prime number?
False
Is 44995 composite?
True
Is 1973 a prime number?
True
Is 132421 a prime number?
True
Is 37241 prime?
False
Is 46037 a prime number?
False
Is 374063 a prime number?
True
Is 1801601 prime?
True
Is 58309 a composite number?
False
Is 20389 composite?
False
Is 13817 prime?
False
Is 16109 prime?
False
Is 18635 composite?
True
Is 1954191 composite?
True
Is 3947 a composite number?
False
Is 15949 composite?
True
Is 17257 a prime number?
True
Is 993 prime?
False
Is 2285 a composite number?
True
Is 17623 a composite number?
False
Is 343127 a prime number?
True
Is 126743 prime?
True
Is 600751 a composite number?
False
Is 2540279 a prime number?
False
Is 8247 a prime number?
False
Is 18781 composite?
True
Is 5158 a composite number?
True
Is 501563 a composite number?
False
Is 7745 a prime number?
False
Is 243887 a composite number?
True
Is 16649 a composite number?
False
Is 1987 prime?
True
Is 13291 prime?
True
Is 8051 a prime number?
False
Is 11351 prime?
True
Is 67813 a prime number?
False
Is 7217 composite?
True
Is 8147 prime?
True
Is 8457 a prime number?
False
Is 7985 a composite number?
True
Is 191147 prime?
False
Is 8903 a composite number?
True
Is 265877 a composite number?
True
Is 217253 composite?
False
Is 144527 prime?
False
Is 18331 a prime number?
False
Is 345817 a prime number?
True
Is 3793 prime?
True
Is 3821 a composite number?
False
Is 4507 prime?
True
Is 119683 prime?
False
Is 44207 prime?
True
Is 171007 prime?
True
Is 3793 a prime number?
True
Is 